
True
Does 237 divide 60435?
True
Is 1319 a factor of 3041614?
True
Does 3 divide 257622?
True
Is 40986 a multiple of 11?
True
Is 22335 a multiple of 15?
True
Is 1141329 a multiple of 357?
True
Does 20 divide 202580?
True
Is 1437 a factor of 15031020?
True
Does 158 divide 17651550?
False
Is 7 a factor of 769797?
True
Is 7 a factor of 5180?
True
Is 63952 a multiple of 52?
False
Is 24 a factor of 5312568?
True
Is 623771 a multiple of 4?
False
Is 1796130 a multiple of 17?
False
Is 230241 a multiple of 3?
True
Does 203 divide 36815?
False
Does 13 divide 8831485?
True
Is 784532 a multiple of 3?
False
Does 6 divide 91074?
True
Is 8 a factor of 738904?
True
Is 3346643 a multiple of 205?
False
Is 69 a factor of 6155576?
False
Is 6053525 a multiple of 73?
True
Is 1014360 a multiple of 237?
True
Is 418 a factor of 2452406?
True
Is 2455595 a multiple of 98?
False
Is 686250 a multiple of 183?
True
Does 29 divide 44834?
True
Does 30 divide 246690?
True
Does 10 divide 6309564?
False
Is 7491715 a multiple of 319?
True
Is 41 a factor of 342172?
False
Is 7414696 a multiple of 347?
True
Is 82 a factor of 5233158?
True
Does 2 divide 3708?
True
Is 46800 a multiple of 156?
True
Is 168190 a multiple of 212?
False
Is 331508 a multiple of 2?
True
Is 3533551 a multiple of 1057?
True
Is 19092 a multiple of 6?
True
Is 2 a factor of 28488?
True
Is 324 a factor of 15830222?
False
Is 17160 a multiple of 10?
True
Does 420 divide 5562480?
True
Is 46009 a multiple of 139?
True
Does 97 divide 17828?
False
Is 21026943 a multiple of 29?
True
Is 3 a factor of 23794?
False
Does 34 divide 161976?
True
Is 78 a factor of 76752?
True
Is 160324 a multiple of 269?
True
Is 21 a factor of 46011?
True
Is 160873 a multiple of 47?
False
Does 43 divide 2932041?
True
Does 6 divide 887723?
False
Is 455 a factor of 234680?
False
Is 5 a factor of 45620?
True
Is 8965188 a multiple of 771?
True
Is 24995 a multiple of 28?
False
Is 1597868 a multiple of 6?
False
Is 583838 a multiple of 38?
False
Is 34 a factor of 11048946?
True
Is 237 a factor of 4673403?
True
Does 30 divide 9514950?
True
Does 12 divide 177811?
False
Does 232 divide 129688?
True
Is 5494781 a multiple of 19?
True
Is 221 a factor of 11539?
False
Is 107 a factor of 19367?
True
Is 43 a factor of 423464?
True
Is 10 a factor of 16533540?
True
Is 7 a factor of 802060?
True
Is 187670 a multiple of 49?
True
Is 70 a factor of 206811?
False
Is 3 a factor of 14421?
True
Is 232879 a multiple of 155?
False
Is 114 a factor of 261630?
True
Is 647 a factor of 23232288?
False
Is 10 a factor of 1166340?
True
Does 259 divide 1296808?
False
Does 7 divide 2419867?
False
Is 5473488 a multiple of 106?
False
Is 13 a factor of 1061463?
True
Does 51 divide 1294176?
True
Is 24277 a multiple of 11?
True
Is 80675 a multiple of 59?
False
Does 34 divide 244388?
False
Is 67 a factor of 332923?
True
Is 261140 a multiple of 7?
False
Does 14 divide 139550?
False
Is 398 a factor of 4026989?
False
Is 2031904 a multiple of 12?
False
Is 115 a factor of 227381?
False
Is 1307 a multiple of 3?
False
Is 8569468 a multiple of 216?
False
Is 60 a factor of 368041?
False
Does 23 divide 184244?
False
Is 70 a factor of 24631?
False
Is 202 a factor of 2239978?
True
Does 86 divide 2925290?
True
Does 22 divide 4536048?
True
Is 6452048 a multiple of 17?
False
Is 6 a factor of 273402?
True
Is 140235 a multiple of 17?
False
Is 6013696 a multiple of 20?
False
Does 191 divide 143895?
False
Is 510473 a multiple of 67?
True
Does 18 divide 688014?
True
Is 496 a factor of 66960?
True
Is 54096 a multiple of 8?
True
Is 12 a factor of 202644?
True
Does 3 divide 996903?
True
Does 101 divide 9830027?
True
Does 39 divide 285908?
False
Is 291 a factor of 140844?
True
Does 80 divide 133257?
False
Is 3353478 a multiple of 23?
False
Does 35 divide 34636?
False
Is 2540926 even?
True
Is 2332499 a multiple of 667?
True
Does 505 divide 2289165?
True
Does 1404 divide 4203576?
True
Is 2327639 a multiple of 3?
False
Is 554268 a multiple of 748?
True
Does 62 divide 4607902?
True
Is 157180 a multiple of 30?
False
Does 167 divide 540913?
True
Is 34 a factor of 369002?
True
Does 13 divide 86051?
False
Is 7 a factor of 605262?
True
Is 355 a factor of 1024530?
True
Does 16 divide 1508391?
False
Does 42 divide 115332?
True
Does 177 divide 315768?
True
Is 27405 a multiple of 105?
True
Is 6738310 a multiple of 23?
True
Does 18 divide 9888012?
True
Does 15 divide 208080?
True
Is 8778405 a multiple of 113?
True
Is 98 a factor of 6738970?
True
Does 144 divide 2809372?
False
Does 294 divide 17206664?
False
Is 452 a factor of 223636?
False
Does 4 divide 136854?
False
Is 990944 a multiple of 179?
True
Does 19 divide 6914082?
False
Does 28 divide 1181298?
False
Does 13 divide 1289782?
True
Is 1575146 a multiple of 654?
False
Is 393015 a multiple of 325?
False
Is 4 a factor of 343881?
False
Is 56 a factor of 3832528?
True
Is 45 a factor of 342532?
False
Is 5 a factor of 701839?
False
Does 94 divide 8360589?
False
Is 2723602 a multiple of 605?
False
Is 35 a factor of 2005185?
True
Is 77435 a multiple of 114?
False
Is 176904 a multiple of 201?
False
Is 15537716 a multiple of 32?
False
Is 1323879 a multiple of 62?
False
Is 40 a factor of 276080?
True
Does 27 divide 495396?
True
Does 218 divide 1357050?
True
Does 29 divide 1880307?
False
Is 1144 a multiple of 52?
True
Is 37700 a multiple of 325?
True
Is 199 a factor of 7550746?
False
Is 423 a factor of 1004625?
True
Is 9 a factor of 64674?
True
Is 145 a factor of 561150?
True
Is 2591134 a multiple of 13?
True
Is 212901 a multiple of 53?
True
Does 9 divide 131478?
False
Does 8 divide 21024?
True
Is 1056 a factor of 6037152?
True
Is 878 a factor of 7749587?
False
Is 4 a factor of 9415?
False
Is 243683 a multiple of 165?
False
Is 10 a factor of 237354?
False
Is 37 a factor of 32264?
True
Is 751 a factor of 345460?
True
Is 16 a factor of 3448608?
True
Is 100 a factor of 164500?
True
Does 14 divide 43568?
True
Is 338560 a multiple of 64?
True
Is 103496 a multiple of 17?
True
Is 3536751 a multiple of 5?
False
Does 194 divide 139292?
True
Is 389 a factor of 865276?
False
Is 11 a factor of 3436966?
False
Is 338841 a multiple of 21?
False
Does 11 divide 6446?
True
Is 421716 a multiple of 113?
True
Is 15 a factor of 705045?
True
Does 542 divide 10057352?
True
Is 1121610 a multiple of 9?
False
Is 860 a factor of 549540?
True
Does 24 divide 11320656?
True
Does 638 divide 380435?
False
Is 4895705 a multiple of 16?
False
Is 3600 a multiple of 100?
True
Is 998 a factor of 18013369?
False
Does 469 divide 944394?
False
Does 73 divide 470604?
False
Does 27 divide 549774?
True
Is 53 a factor of 417216?
True
Is 8 a factor of 257720?
True
Is 47 a factor of 101567?
True
Does 33 divide 1326857?
False
Is 4893829 a multiple of 3?
False
Is 295545 a multiple of 95?
True
Is 8060 a multiple of 26?
True
Is 930195 a multiple of 21?
True
Is 353400 a multiple of 19?
True
Is 22496 a multiple of 76?
True
Is 41 a factor of 58498?
False
Is 12 a factor of 1409632?
False
Is 437200 a multiple of 200?
True
Is 14 a factor of 1208298?
True
Does 12 divide 181260?
True
Is 968 a factor of 4242744?
True
Is 3135416 a multiple of 189?
False
Is 13 a factor of 619632?
True
Is 26 a factor of 762658?
True
Does 762 divide 422910?
True
Does 19 divide 352868?
True
Is 547253 a multiple of 45?
False
Is 12 a factor of 195864?
True
Is 19 a factor of 26234?
False
Does 18 divide 27486?
True
Does 91 divide 8820406?
False
Is 5487 a multiple of 59?
True
Does 320 divide 326080?
True
Is 416 a factor of 202429?
False
Is 5933024 a multiple of 12?
False
Is 55 a factor of 800635?
True
Is 502720 a multiple of 7?
False
Is 50 a factor of 2094370?
False
Is 66 a factor of 4739694?
False
Is 42 a factor of 1656228?
True
Does 18 divide 265416?
False
Is 9269280 a multiple of 820?
True
Is 359916 a multiple of 4?
True
Does 55 divide 825633?
False
Is 292 a factor of 3191878?
False
Is 7 a factor of 1855685?
False
Is 149820 a multiple of 8?
False
Is 3573041 a multiple of 104?
False
Does 199 divide 7106080?
False
Is 194568 a multiple of 42?
False
Does 143 divide 63845?
False
Is 199 a factor of 163777?
True
Is 41 a factor of 881069?
False
Does 25 divide 14916300?
True
Is 33 a factor of 447546?
True
Does 61 divide 32269?
True
Is 61 a factor of 11993717?
False
Is 